{"id":1046,"date":"2025-05-19T13:18:01","date_gmt":"2025-05-19T11:18:01","guid":{"rendered":"https:\/\/bekesmegye.reformatus.hu\/?page_id=1046"},"modified":"2025-05-19T13:20:50","modified_gmt":"2025-05-19T11:20:50","slug":"hazirend","status":"publish","type":"page","link":"https:\/\/bekesmegye.reformatus.hu\/?page_id=1046","title":{"rendered":"H\u00e1zirend"},"content":{"rendered":"<p><a href=\"https:\/\/bekesmegye.reformatus.hu\/?attachment_id=1041\" rel=\"attachment wp-att-1041\"><img decoding=\"async\" class=\"size-full wp-image-1041 alignright\" src=\"https:\/\/bekesmegye.reformatus.hu\/wp-content\/uploads\/giuk.jpg\" alt=\"\" width=\"245\" height=\"94\" \/><\/a><\/p>\n<p>&nbsp;<\/p>\n<p>&nbsp;<\/p>\n<p>&nbsp;<\/p>\n<p style=\"text-align: center;\"><strong>\u201eLegyetek \u2026 a tiszteletad\u00e1sban egym\u00e1st megel\u0151z\u0151k.\u201c (R\u00f3m12:10)<\/strong><\/p>\n<p style=\"text-align: center;\"><strong>\u00a0<\/strong><\/p>\n<p style=\"text-align: center;\"><strong>\u00dcdv\u00f6z\u00f6lj\u00fck a K\u00f6r\u00f6sv\u00f6lgy \u00dcd\u00fcl\u0151ben!<\/strong><\/p>\n<p>&nbsp;<\/p>\n<p>Annak \u00e9rdek\u00e9ben, hogy mindenki kellemesen \u00e9s k\u00e9nyelmesen t\u00f6lthesse idej\u00e9t n\u00e1lunk, k\u00e9rj\u00fck, figyelmesen olvassa el \u00e9s tartsa tiszteletben az al\u00e1bbi h\u00e1zirendet:<\/p>\n<p>&nbsp;<\/p>\n<ol>\n<li><strong> TELEFONOS \u00dcGYELET<\/strong><\/li>\n<\/ol>\n<p>El\u00e9rhet\u0151ek vagyunk telefonon, hogy seg\u00edts\u00fcnk \u00d6nnek:<\/p>\n<p>+36 20\u00a0543 3976<\/p>\n<p>&nbsp;<\/p>\n<ol start=\"2\">\n<li><strong> BEJELENTKEZ\u00c9S \u00c9S KIJELENTKEZ\u00c9S<\/strong><\/li>\n<\/ol>\n<ul>\n<li><u>Bejelentkez\u00e9s:<\/u> \u00c9rkez\u00e9s napj\u00e1n 14:00-t\u00f3l lehets\u00e9ges.<\/li>\n<li><u>Kijelentkez\u00e9s:<\/u> T\u00e1voz\u00e1s napj\u00e1n legk\u00e9s\u0151bb 10:00-ig k\u00e9rj\u00fck elhagyni a sz\u00e1ll\u00e1st.<\/li>\n<li>Minden \u00e9rkez\u00e9s \u00e9s t\u00e1voz\u00e1s alkalm\u00e1val jelenl\u00e9v\u0151 koll\u00e9g\u00e1nk biztos\u00edtja a z\u00f6kken\u0151mentes elhelyezked\u00e9st \u00e9s t\u00e1voz\u00e1st.<\/li>\n<\/ul>\n<p>&nbsp;<\/p>\n<ol start=\"3\">\n<li><strong> D\u00cdJMENTES WIFI HASZN\u00c1LAT<\/strong><\/li>\n<\/ol>\n<ul>\n<li>N\u00e9v:<\/li>\n<li>Jelsz\u00f3: Korosvolgy<\/li>\n<\/ul>\n<p>&nbsp;<\/p>\n<ol start=\"4\">\n<li><strong> PARKOL\u00d3<\/strong><\/li>\n<\/ol>\n<ul>\n<li>Vend\u00e9geink r\u00e9sz\u00e9re d\u00edjmentes parkol\u00f3t biztos\u00edtunk az \u00fcd\u00fcl\u0151 melletti ter\u00fcleten a biztons\u00e1gos \u00e9s k\u00e9nyelmes parkol\u00e1s \u00e9rdek\u00e9ben.<\/li>\n<\/ul>\n<p>&nbsp;<\/p>\n<ol start=\"5\">\n<li><strong> TAKAR\u00cdT\u00c1S<\/strong><\/li>\n<\/ol>\n<ul>\n<li>\u00c1gynem\u0171 \u00e9s t\u00f6r\u00f6lk\u00f6z\u0151 csere 5 \u00e9jt meghalad\u00f3 tart\u00f3zkod\u00e1s eset\u00e9n t\u00f6rt\u00e9nik.<\/li>\n<li>Amennyiben napi takar\u00edt\u00e1st \u00e9s napi t\u00f6r\u00f6lk\u00f6z\u0151 cser\u00e9t ig\u00e9nyel, k\u00e9rj\u00fck, jelezze fel\u00e9nk.<\/li>\n<\/ul>\n<p><strong>\u00a0<\/strong><\/p>\n<ol start=\"6\">\n<li><strong> KERTI GRILLEZ\u00c9S <\/strong><\/li>\n<\/ol>\n<ul>\n<li>Amennyiben grillez\u00e9sre t\u00e1mad kedve, biztos\u00edtjuk a kerti grillez\u00e9shez sz\u00fcks\u00e9ges eszk\u00f6z\u00f6ket, mely sz\u00e1nd\u00e9kot el\u0151re k\u00e9rj\u00fck jelezni.<\/li>\n<li>A grillez\u0151 eszk\u00f6z\u00f6ket kiskor\u00fa csak feln\u0151tt k\u00eds\u00e9ret\u00e9ben, a k\u00eds\u00e9r\u0151 feln\u0151tt felel\u0151ss\u00e9g\u00e9re haszn\u00e1lhatja.<\/li>\n<li>Grillez\u0151 eszk\u00f6z\u00f6ket (ide\u00e9rtve a ny\u00edlt l\u00e1ng \/ t\u0171z haszn\u00e1lat\u00e1t is) csak az \u00fcd\u00fcl\u0151 vend\u00e9gei, saj\u00e1t \u00e9s t\u00e1rsaik testi \u00e9ps\u00e9g\u00e9re vigy\u00e1zva, saj\u00e1t felel\u0151ss\u00e9g v\u00e1llal\u00e1ssal haszn\u00e1lhatj\u00e1k.<\/li>\n<\/ul>\n<p>&nbsp;<\/p>\n<ol start=\"7\">\n<li><strong> RUHATISZT\u00cdT\u00c1S <\/strong><\/li>\n<\/ol>\n<ul>\n<li>Ruhatiszt\u00edt\u00e1ssal kapcsolatban is \u00e1llunk sz\u00edves szolg\u00e1lat\u00e1ra.<\/li>\n<\/ul>\n<p>B\u0151vebb t\u00e1j\u00e9koztat\u00f3 a recepci\u00f3n.<\/p>\n<p>&nbsp;<\/p>\n<ol start=\"8\">\n<li><strong> SZEM\u00c9LY \u00c9S VAGYONV\u00c9DELEM<\/strong><\/li>\n<\/ol>\n<ul>\n<li>Az \u00fcd\u00fcl\u0151 minden vend\u00e9ge k\u00f6teles az emberi j\u00f3\u00edzl\u00e9s \u00e9s kereszt\u00e9ny emberszeretet jegy\u00e9ben viselkedni.<\/li>\n<li>Az \u00fcd\u00fcl\u0151 berendez\u00e9si t\u00e1rgyainak meghib\u00e1sod\u00e1s\u00e1t azonnal jelezni kell a szem\u00e9lyzet fel\u00e9. Meghib\u00e1sodott eszk\u00f6z\u00f6k haszn\u00e1lat\u00e1\u00e9rt az \u00fcd\u00fcl\u0151 \u00fczemeltet\u0151i nem v\u00e1llalnak felel\u0151ss\u00e9get.<\/li>\n<li>Az \u00fcd\u00fcl\u0151 minden vend\u00e9ge k\u00f6teles a berendez\u00e9st \u00e9s egy\u00e9b eszk\u00f6z\u00f6ket rendeltet\u00e9sszer\u0171en haszn\u00e1lni. A nem rendeltet\u00e9sszer\u0171 haszn\u00e1latb\u00f3l ered\u0151 k\u00e1r\u00e9rt, meghib\u00e1sod\u00e1s\u00e9rt a vend\u00e9g anyagi felel\u0151ss\u00e9ggel tartozik.<\/li>\n<\/ul>\n<p>&nbsp;<\/p>\n<ol start=\"9\">\n<li><strong> SPORT \u00c9S EGY\u00c9B J\u00c1T\u00c9KESZK\u00d6Z HASZN\u00c1LATA<\/strong><\/li>\n<\/ol>\n<ul>\n<li>Az \u00fcd\u00fcl\u0151 ker\u00e9kp\u00e1rt, labd\u00e1t, tollas\u00fct\u0151t \u00e9s bili\u00e1rdoz\u00e1si lehet\u0151s\u00e9get biztos\u00edt vend\u00e9gei sz\u00e1m\u00e1ra.<\/li>\n<li>Az \u00fcd\u00fcl\u0151 tulajdon\u00e1ban l\u00e9v\u0151 st\u00e9get csak a sz\u00e1ll\u00f3 \u00e9s\/ vagy fogyaszt\u00f3 vend\u00e9gek haszn\u00e1lhatj\u00e1k.<\/li>\n<li>Az \u00fcd\u00fcl\u0151 sport \u00e9s szabadid\u0151s eszk\u00f6zeit minden vend\u00e9g k\u00f6teles rendeltet\u00e9s\u00fcknek megfelel\u0151en, saj\u00e1t felel\u0151ss\u00e9gre haszn\u00e1lni. Kiskor\u00fa vend\u00e9g csak feln\u0151tt k\u00eds\u00e9ret\u00e9ben, a k\u00eds\u00e9r\u0151 feln\u0151tt felel\u0151ss\u00e9g v\u00e1llal\u00e1s\u00e1val haszn\u00e1lhatja ezen eszk\u00f6z\u00f6ket.<\/li>\n<li>Az \u00fcd\u00fcl\u0151 sport \u00e9s szabadid\u0151s eszk\u00f6zei jelk\u00e9pes b\u00e9rleti d\u00edj ellen\u00e9ben ig\u00e9nyelhet\u0151ek.<\/li>\n<\/ul>\n<p>&nbsp;<\/p>\n<p style=\"text-align: center;\">K\u00e9rj\u00fck kedves vend\u00e9geinket, hogy gondoskodjanak a tisztas\u00e1gr\u00f3l \u00e9s vigy\u00e1zzanak a haszn\u00e1lati t\u00e1rgyakra, hogy mindenki sz\u00e1m\u00e1ra kellemes maradjon a tart\u00f3zkod\u00e1s ideje alatt.<\/p>\n<p style=\"text-align: center;\">K\u00f6sz\u00f6nj\u00fck egy\u00fcttm\u0171k\u00f6d\u00e9s\u00fcket \u00e9s j\u00f3 pihen\u00e9st k\u00edv\u00e1nunk a K\u00f6r\u00f6sv\u00f6lgy \u00dcd\u00fcl\u0151ben!<\/p>\n<p style=\"text-align: center;\">\u00a0\u00c1ld\u00e1st, B\u00e9kess\u00e9get!<\/p>\n<p><a href=\"https:\/\/bekesmegye.reformatus.hu\/wp-content\/uploads\/Hazirend-Korosvolgy-udulo.docx\">Ide kattintva let\u00f6ltheti a h\u00e1zirendet!<\/a><\/p>\n","protected":false},"excerpt":{"rendered":"<p>&nbsp; &nbsp; &nbsp; \u201eLegyetek \u2026 a tiszteletad\u00e1sban egym\u00e1st megel\u0151z\u0151k.\u201c (R\u00f3m12:10) \u00a0 \u00dcdv\u00f6z\u00f6lj\u00fck a K\u00f6r\u00f6sv\u00f6lgy \u00dcd\u00fcl\u0151ben! &nbsp; Annak \u00e9rdek\u00e9ben, hogy mindenki kellemesen \u00e9s k\u00e9nyelmesen t\u00f6lthesse idej\u00e9t n\u00e1lunk, k\u00e9rj\u00fck, figyelmesen olvassa el<\/p>\n","protected":false},"author":60,"featured_media":0,"parent":0,"menu_order":0,"comment_status":"closed","ping_status":"closed","template":"","meta":{"_bbp_topic_count":0,"_bbp_reply_count":0,"_bbp_total_topic_count":0,"_bbp_total_reply_count":0,"_bbp_voice_count":0,"_bbp_anonymous_reply_count":0,"_bbp_topic_count_hidden":0,"_bbp_reply_count_hidden":0,"_bbp_forum_subforum_count":0,"_themeisle_gutenberg_block_has_review":false,"footnotes":""},"class_list":["post-1046","page","type-page","status-publish","hentry"],"jetpack_sharing_enabled":true,"_links":{"self":[{"href":"https:\/\/bekesmegye.reformatus.hu\/index.php?rest_route=\/wp\/v2\/pages\/1046","targetHints":{"allow":["GET"]}}],"collection":[{"href":"https:\/\/bekesmegye.reformatus.hu\/index.php?rest_route=\/wp\/v2\/pages"}],"about":[{"href":"https:\/\/bekesmegye.reformatus.hu\/index.php?rest_route=\/wp\/v2\/types\/page"}],"author":[{"embeddable":true,"href":"https:\/\/bekesmegye.reformatus.hu\/index.php?rest_route=\/wp\/v2\/users\/60"}],"replies":[{"embeddable":true,"href":"https:\/\/bekesmegye.reformatus.hu\/index.php?rest_route=%2Fwp%2Fv2%2Fcomments&post=1046"}],"version-history":[{"count":3,"href":"https:\/\/bekesmegye.reformatus.hu\/index.php?rest_route=\/wp\/v2\/pages\/1046\/revisions"}],"predecessor-version":[{"id":1051,"href":"https:\/\/bekesmegye.reformatus.hu\/index.php?rest_route=\/wp\/v2\/pages\/1046\/revisions\/1051"}],"wp:attachment":[{"href":"https:\/\/bekesmegye.reformatus.hu\/index.php?rest_route=%2Fwp%2Fv2%2Fmedia&parent=1046"}],"curies":[{"name":"wp","href":"https:\/\/api.w.org\/{rel}","templated":true}]}}

Házirend

<p><a href="https://bekesmegye.reformatus.hu/?attachment_id=1041" rel="attachment wp-att-1041"><img decoding="async" class="size-full wp-image-1041 alignright" src="https://bekesmegye.reformatus.hu/wp-content/uploads/giuk.jpg" alt="" width="245" height="94" /></a></p>
<p>&nbsp;</p>
<p>&nbsp;</p>
<p>&nbsp;</p>
<p style="text-align: center;"><strong>„Legyetek … a tiszteletadásban egymást megelőzők.“ (Róm12:10)</strong></p>
<p style="text-align: center;"><strong> </strong></p>
<p style="text-align: center;"><strong>Üdvözöljük a Körösvölgy Üdülőben!</strong></p>
<p>&nbsp;</p>
<p>Annak érdekében, hogy mindenki kellemesen és kényelmesen tölthesse idejét nálunk, kérjük, figyelmesen olvassa el és tartsa tiszteletben az alábbi házirendet:</p>
<p>&nbsp;</p>
<ol>
<li><strong> TELEFONOS ÜGYELET</strong></li>
</ol>
<p>Elérhetőek vagyunk telefonon, hogy segítsünk Önnek:</p>
<p>+36 20 543 3976</p>
<p>&nbsp;</p>
<ol start="2">
<li><strong> BEJELENTKEZÉS ÉS KIJELENTKEZÉS</strong></li>
</ol>
<ul>
<li><u>Bejelentkezés:</u> Érkezés napján 14:00-tól lehetséges.</li>
<li><u>Kijelentkezés:</u> Távozás napján legkésőbb 10:00-ig kérjük elhagyni a szállást.</li>
<li>Minden érkezés és távozás alkalmával jelenlévő kollégánk biztosítja a zökkenőmentes elhelyezkedést és távozást.</li>
</ul>
<p>&nbsp;</p>
<ol start="3">
<li><strong> DÍJMENTES WIFI HASZNÁLAT</strong></li>
</ol>
<ul>
<li>Név:</li>
<li>Jelszó: Korosvolgy</li>
</ul>
<p>&nbsp;</p>
<ol start="4">
<li><strong> PARKOLÓ</strong></li>
</ol>
<ul>
<li>Vendégeink részére díjmentes parkolót biztosítunk az üdülő melletti területen a biztonságos és kényelmes parkolás érdekében.</li>
</ul>
<p>&nbsp;</p>
<ol start="5">
<li><strong> TAKARÍTÁS</strong></li>
</ol>
<ul>
<li>Ágynemű és törölköző csere 5 éjt meghaladó tartózkodás esetén történik.</li>
<li>Amennyiben napi takarítást és napi törölköző cserét igényel, kérjük, jelezze felénk.</li>
</ul>
<p><strong> </strong></p>
<ol start="6">
<li><strong> KERTI GRILLEZÉS </strong></li>
</ol>
<ul>
<li>Amennyiben grillezésre támad kedve, biztosítjuk a kerti grillezéshez szükséges eszközöket, mely szándékot előre kérjük jelezni.</li>
<li>A grillező eszközöket kiskorú csak felnőtt kíséretében, a kísérő felnőtt felelősségére használhatja.</li>
<li>Grillező eszközöket (ideértve a nyílt láng / tűz használatát is) csak az üdülő vendégei, saját és társaik testi épségére vigyázva, saját felelősség vállalással használhatják.</li>
</ul>
<p>&nbsp;</p>
<ol start="7">
<li><strong> RUHATISZTÍTÁS </strong></li>
</ol>
<ul>
<li>Ruhatisztítással kapcsolatban is állunk szíves szolgálatára.</li>
</ul>
<p>Bővebb tájékoztató a recepción.</p>
<p>&nbsp;</p>
<ol start="8">
<li><strong> SZEMÉLY ÉS VAGYONVÉDELEM</strong></li>
</ol>
<ul>
<li>Az üdülő minden vendége köteles az emberi jóízlés és keresztény emberszeretet jegyében viselkedni.</li>
<li>Az üdülő berendezési tárgyainak meghibásodását azonnal jelezni kell a személyzet felé. Meghibásodott eszközök használatáért az üdülő üzemeltetői nem vállalnak felelősséget.</li>
<li>Az üdülő minden vendége köteles a berendezést és egyéb eszközöket rendeltetésszerűen használni. A nem rendeltetésszerű használatból eredő kárért, meghibásodásért a vendég anyagi felelősséggel tartozik.</li>
</ul>
<p>&nbsp;</p>
<ol start="9">
<li><strong> SPORT ÉS EGYÉB JÁTÉKESZKÖZ HASZNÁLATA</strong></li>
</ol>
<ul>
<li>Az üdülő kerékpárt, labdát, tollasütőt és biliárdozási lehetőséget biztosít vendégei számára.</li>
<li>Az üdülő tulajdonában lévő stéget csak a szálló és/ vagy fogyasztó vendégek használhatják.</li>
<li>Az üdülő sport és szabadidős eszközeit minden vendég köteles rendeltetésüknek megfelelően, saját felelősségre használni. Kiskorú vendég csak felnőtt kíséretében, a kísérő felnőtt felelősség vállalásával használhatja ezen eszközöket.</li>
<li>Az üdülő sport és szabadidős eszközei jelképes bérleti díj ellenében igényelhetőek.</li>
</ul>
<p>&nbsp;</p>
<p style="text-align: center;">Kérjük kedves vendégeinket, hogy gondoskodjanak a tisztaságról és vigyázzanak a használati tárgyakra, hogy mindenki számára kellemes maradjon a tartózkodás ideje alatt.</p>
<p style="text-align: center;">Köszönjük együttműködésüket és jó pihenést kívánunk a Körösvölgy Üdülőben!</p>
<p style="text-align: center;"> Áldást, Békességet!</p>
<p><a href="https://bekesmegye.reformatus.hu/wp-content/uploads/Hazirend-Korosvolgy-udulo.docx">Ide kattintva letöltheti a házirendet!</a></p>

<p>&nbsp; &nbsp; &nbsp; „Legyetek … a tiszteletadásban egymást megelőzők.“ (Róm12:10)   Üdvözöljük a Körösvölgy Üdülőben! &nbsp; Annak érdekében, hogy mindenki kellemesen és kényelmesen tölthesse idejét nálunk, kérjük, figyelmesen olvassa el</p>
