{"id":772,"date":"2023-07-12T14:11:31","date_gmt":"2023-07-12T12:11:31","guid":{"rendered":"https:\/\/bekesmegye.reformatus.hu\/?page_id=772"},"modified":"2025-12-18T17:05:23","modified_gmt":"2025-12-18T15:05:23","slug":"bekes-telephely","status":"publish","type":"page","link":"https:\/\/bekesmegye.reformatus.hu\/?page_id=772","title":{"rendered":"B\u00e9k\u00e9s Telephely"},"content":{"rendered":"<p style=\"text-align: center;\"><span style=\"color: #000000;\"><strong>Int\u00e9zm\u00e9ny bemutat\u00e1s<\/strong><\/span><\/p>\n<p><span style=\"color: #000000;\"><strong>\u00a0<\/strong><\/span><\/p>\n<p style=\"text-align: justify;\"><span style=\"color: #000000;\"><strong>A Balogh M\u00e1ty\u00e1s Reform\u00e1tus Diak\u00f3niai K\u00f6zpont<\/strong> B\u00e9k\u00e9s v\u00e1ros sz\u00e9l\u00e9n helyezkedik el, a Kett\u0151s-K\u00f6r\u00f6s szomsz\u00e9ds\u00e1g\u00e1ban. A B\u00e9k\u00e9si Reform\u00e1tus Egyh\u00e1zmegye mint fenntart\u00f3 2023. m\u00e1jus 1-\u00e9n vette \u00e1t az int\u00e9zm\u00e9nyt.<\/span><\/p>\n<p style=\"text-align: justify;\"><span style=\"color: #000000;\">Az \u00e9p\u00fcletegy\u00fcttest a 80-as \u00e9vek elej\u00e9n kezdt\u00e9k \u00e9p\u00edteni, ekkor kapta meg a mai napig ismert form\u00e1j\u00e1t. Az int\u00e9zm\u00e9nyben paviloni rendszer m\u0171k\u00f6dik. Az I-IV. pavilonokban 50-55 f\u0151 ell\u00e1tott, az V. pavilonban 24 f\u0151 ell\u00e1tott ell\u00e1t\u00e1s\u00e1ra vagyunk berendezkedve. Fenntart\u00f3i tervek k\u00f6z\u00f6tt szerepel az int\u00e9zm\u00e9nyi f\u00e9r\u0151helyek sz\u00e1m\u00e1nak b\u0151v\u00edt\u00e9se, amelynek \u00e1tszervez\u00e9si munk\u00e1latai folyamatosak.<\/span><\/p>\n<p style=\"text-align: justify;\"><span style=\"color: #000000;\">Hogy mi\u00e9rt aj\u00e1nlom az int\u00e9zm\u00e9ny\u00fcnket az id\u0151s emberek sz\u00e1m\u00e1ra?<\/span><\/p>\n<ul style=\"text-align: justify;\">\n<li><span style=\"color: #000000;\">Mert a nap 24 \u00f3r\u00e1j\u00e1ban szakk\u00e9pzett szem\u00e9lyzet gondoskodik a bentlak\u00f3kr\u00f3l.<\/span><\/li>\n<li><span style=\"color: #000000;\">Mert az orsz\u00e1g eg\u00e9sz ter\u00fclet\u00e9r\u0151l tudjuk fogadni a hozz\u00e1nk bek\u00f6lt\u00f6zni v\u00e1gy\u00f3kat.<\/span><\/li>\n<li><span style=\"color: #000000;\">Mert az \u00d6n eg\u00e9szs\u00e9g\u00e9nek megfelel\u0151 di\u00e9t\u00e1t biztos\u00edtunk az orvos el\u0151\u00edr\u00e1sai alapj\u00e1n.<\/span><\/li>\n<li><span style=\"color: #000000;\">Mert naponta biztos\u00edtott a h\u00e1ziorvosi ell\u00e1t\u00e1s \u00e9s hetente a pszichi\u00e1ter szakorvosi ell\u00e1t\u00e1s.<\/span><\/li>\n<li><span style=\"color: #000000;\">Mert szak\u00e1pol\u00e1si int\u00e9zm\u00e9nyk\u00e9nt lehet\u0151s\u00e9g van a szak\u00e1pol\u00e1si tev\u00e9kenys\u00e9gek elv\u00e9gz\u00e9s\u00e9re (inf\u00fazi\u00f3 bek\u00f6t\u00e9se, kr\u00f3nikus sebek ell\u00e1t\u00e1sa, \u00e1lland\u00f3 kat\u00e9ter bek\u00f6t\u00e9se, g\u00e9gekan\u00fcl\u00f6s beteg \u00e1pol\u00e1sa, PEG-es beteg \u00e1pol\u00e1sa stb.), \u00edgy kevesebb a k\u00f3rh\u00e1zi \u00e1pol\u00e1si nap, kevesebb az idegen k\u00f6rnyezetben t\u00f6lt\u00f6tt id\u0151. Az ell\u00e1tott a j\u00f3l ismert k\u00f6rnyezet\u00e9ben gy\u00f3gyulhat.<\/span><\/li>\n<li><span style=\"color: #000000;\">Mert terepint\u00e9zm\u00e9nyk\u00e9nt az int\u00e9zm\u00e9ny szakemberei gondoskodnak a j\u00f6v\u0151 \u00e1pol\u00f3, gondoz\u00f3 gener\u00e1ci\u00f3j\u00e1nak elm\u00e9leti \u00e9s gyakorlati k\u00e9pz\u00e9s\u00e9r\u0151l. Ezek a fiatalok szinte az int\u00e9zm\u00e9ny\u00fcnk r\u00e9sz\u00e9re lesznek \u201ekik\u00e9pezve\u201d, \u00edgy biztos\u00edtjuk a folyamatos szakember-ut\u00e1np\u00f3tl\u00e1st.<\/span><\/li>\n<li><span style=\"color: #000000;\">Mert a bentlak\u00f3k sz\u00ednes \u00e9s v\u00e1ltozatos programok k\u00f6z\u00fcl v\u00e1laszthatnak \u00e9s rendszeres foglalkoztat\u00e1sokon vehetnek r\u00e9szt. Meg\u00fcnnepelj\u00fck az any\u00e1k napj\u00e1t, a n\u0151napot, nagy \u00fcnnepeinket, szervez\u00fcnk Csal\u00e1di Napot, Id\u0151sek Vil\u00e1gnapj\u00e1t stb.<\/span><\/li>\n<li><span style=\"color: #000000;\">Mert speci\u00e1lis oszt\u00e1lyt tartunk fenn demenci\u00e1val \u00e9l\u0151 ell\u00e1tottjaink r\u00e9sz\u00e9re, ezzel tehermentes\u00edtve a csal\u00e1dokat.<\/span><\/li>\n<li><span style=\"color: #000000;\">Mert el\u0151seg\u00edtj\u00fck a csal\u00e1di kapcsolatok fenntart\u00e1s\u00e1t, elveszettnek hitt kapcsolatok fel\u00e9leszt\u00e9s\u00e9t.<\/span><\/li>\n<li><span style=\"color: #000000;\">Mert egyh\u00e1zi int\u00e9zm\u00e9ny l\u00e9v\u00e9n fontos a lelki j\u00f3ll\u00e9t is a testi j\u00f3ll\u00e9t mellett. Adott a lehet\u0151s\u00e9g a vall\u00e1sgyakorl\u00e1sra.<\/span><\/li>\n<li><span style=\"color: #000000;\">Mert nagy hangs\u00falyt fektet\u00fcnk a ment\u00e1lhigi\u00e9n\u00e9s ell\u00e1t\u00e1sra.<\/span><\/li>\n<li><span style=\"color: #000000;\">Mert az int\u00e9zm\u00e9ny nagyon j\u00f3l megk\u00f6zel\u00edthet\u0151 aut\u00f3val \u00e9s aut\u00f3busszal egyar\u00e1nt. A helyi j\u00e1rat meg\u00e1ll\u00f3ja az int\u00e9zm\u00e9ny kapuja el\u0151tt tal\u00e1lhat\u00f3, a helyk\u00f6zi j\u00e1rat\u00e9 k\u00f6r\u00fclbel\u00fcl 100 m\u00e9terre az int\u00e9zm\u00e9nyt\u0151l. Az int\u00e9zm\u00e9ny mellett parkol\u00f3 \u00e1ll, melyet vend\u00e9geink haszn\u00e1lhatnak.<\/span><\/li>\n<li><span style=\"color: #000000;\">Mert tisztelj\u00fck az id\u0151s embert \u00e9s szeretn\u00e9nk, hogy h\u00e1tral\u00e9v\u0151 \u00e9veiket biztons\u00e1gban, nyugalomban t\u00f6lts\u00e9k. Minden ember egyszeri, egyedi \u00e9s megism\u00e9telhetetlen individuum \u2013 erre k\u00fcl\u00f6n hangs\u00falyt fektet\u00fcnk.<\/span><\/li>\n<li><span style=\"color: #000000;\">Mert mind a fenntart\u00f3nak, mind az int\u00e9zm\u00e9ny vezet\u00e9s\u00e9nek, mind pedig a dolgoz\u00f3knak egyar\u00e1nt fontos az itt \u00e9l\u0151 ember, fontos, hogy aki minket v\u00e1laszt, igazi otthonra tal\u00e1ljon az int\u00e9zm\u00e9ny\u00fcnkben.<\/span><\/li>\n<li><span style=\"color: #000000;\">Mert b\u00e1r a j\u00f6v\u0151be tekint\u00fcnk, megbecs\u00fclj\u00fck \u00e9s tisztelj\u00fck a m\u00faltunkat s hittel dolgozunk a jelenben.<\/span><\/li>\n<li><span style=\"color: #000000;\">Mert amennyiben k\u00e9relme be\u00e9rkezik hozz\u00e1nk, igyeksz\u00fcnk a lehet\u0151 leghamarabb megfelel\u0151 helyet biztos\u00edtani \u00d6n vagy Kedves Hozz\u00e1tartoz\u00f3ja sz\u00e1m\u00e1ra.<\/span><\/li>\n<\/ul>\n<p style=\"text-align: justify;\"><span style=\"color: #000000;\">A fentiek f\u00e9ny\u00e9ben arra b\u00edztatom \u00d6n\u00f6ket, hogy keressenek bizalommal benn\u00fcnket, munkat\u00e1rsaimmal felk\u00e9sz\u00fclten, elhivatottan arra t\u00f6reksz\u00fcnk, hogy lak\u00f3ink teljes k\u00f6r\u0171 ell\u00e1t\u00e1s\u00e1t biztos\u00edtva \u00e9p\u00fcleteink otthonk\u00e9nt funkcion\u00e1ljanak mindannyiunk megel\u00e9ged\u00e9s\u00e9re.<\/span><\/p>\n<p>&nbsp;<\/p>\n<p style=\"text-align: center;\"><span style=\"color: #000000;\">Hunyadyn\u00e9 Cserge M\u00e1ria<br \/>\n<\/span><\/p>\n<p style=\"text-align: center;\"><span style=\"color: #000000;\">f\u0151igazgat\u00f3-lelk\u00e9sz<\/span><\/p>\n<p>&nbsp;<\/p>\n<p><a href=\"https:\/\/bekesmegye.reformatus.hu\/wp-content\/uploads\/BEKES-idosek-otthona-kerelem-minta-1.pdf\">Ide kattintva megtekintheti \u00e9s let\u00f6ltheti a k\u00e9relem mint\u00e1t.<\/a><\/p>\n<p><a href=\"https:\/\/bekesmegye.reformatus.hu\/wp-content\/uploads\/Teritesi-dij-valtozas-2025.-05.-01-tol-Bekes.pdf\">Ide kattintva megtekintheti \u00e9s let\u00f6ltheti a t\u00e9r\u00edt\u00e9si d\u00edjakat.<\/a><\/p>\n<p><a href=\"https:\/\/bekesmegye.reformatus.hu\/fel_le\/BMRDK K\u00f6zlem\u00e9ny bel\u00e9p\u00e9si hozz\u00e1j\u00e1rul\u00e1sr\u00f3l.pdf\">Ide kattintva megtekintheti \u00e9s let\u00f6ltheti a BMRDK k\u00f6zlem\u00e9nyt a bel\u00e9p\u00e9si hozz\u00e1j\u00e1rul\u00e1shoz<\/a><\/p>\n<p><a href=\"https:\/\/bekesmegye.reformatus.hu\/wp-content\/uploads\/Bekes-bh-tablazat-1.docx\">Ide kattintva megtekintheti \u00e9s let\u00f6ltheti a bel\u00e9p\u00e9si hozz\u00e1j\u00e1rul\u00e1s \u00f6sszegeket lakr\u00e9szenk\u00e9nt<\/a><\/p>\n<p><a href=\"https:\/\/bekesmegye.reformatus.hu\/wp-content\/uploads\/Belepesi-hozzajarulas.pdf\">Ide kattintva megtekintheti \u00e9s let\u00f6ltheti a bel\u00e9p\u00e9si hozz\u00e1j\u00e1rul\u00e1s \u00f6sszegeket az \u00faj lakr\u00e9szen (I\/B. pavilon)<\/a><\/p>\n","protected":false},"excerpt":{"rendered":"<p>Int\u00e9zm\u00e9ny bemutat\u00e1s \u00a0 A Balogh M\u00e1ty\u00e1s Reform\u00e1tus Diak\u00f3niai K\u00f6zpont B\u00e9k\u00e9s v\u00e1ros sz\u00e9l\u00e9n helyezkedik el, a Kett\u0151s-K\u00f6r\u00f6s szomsz\u00e9ds\u00e1g\u00e1ban. A B\u00e9k\u00e9si Reform\u00e1tus Egyh\u00e1zmegye mint fenntart\u00f3 2023. m\u00e1jus 1-\u00e9n vette \u00e1t az int\u00e9zm\u00e9nyt.<\/p>\n","protected":false},"author":48,"featured_media":0,"parent":0,"menu_order":0,"comment_status":"closed","ping_status":"closed","template":"","meta":{"_bbp_topic_count":0,"_bbp_reply_count":0,"_bbp_total_topic_count":0,"_bbp_total_reply_count":0,"_bbp_voice_count":0,"_bbp_anonymous_reply_count":0,"_bbp_topic_count_hidden":0,"_bbp_reply_count_hidden":0,"_bbp_forum_subforum_count":0,"_themeisle_gutenberg_block_has_review":false,"footnotes":""},"class_list":["post-772","page","type-page","status-publish","hentry"],"jetpack_sharing_enabled":true,"_links":{"self":[{"href":"https:\/\/bekesmegye.reformatus.hu\/index.php?rest_route=\/wp\/v2\/pages\/772","targetHints":{"allow":["GET"]}}],"collection":[{"href":"https:\/\/bekesmegye.reformatus.hu\/index.php?rest_route=\/wp\/v2\/pages"}],"about":[{"href":"https:\/\/bekesmegye.reformatus.hu\/index.php?rest_route=\/wp\/v2\/types\/page"}],"author":[{"embeddable":true,"href":"https:\/\/bekesmegye.reformatus.hu\/index.php?rest_route=\/wp\/v2\/users\/48"}],"replies":[{"embeddable":true,"href":"https:\/\/bekesmegye.reformatus.hu\/index.php?rest_route=%2Fwp%2Fv2%2Fcomments&post=772"}],"version-history":[{"count":16,"href":"https:\/\/bekesmegye.reformatus.hu\/index.php?rest_route=\/wp\/v2\/pages\/772\/revisions"}],"predecessor-version":[{"id":1278,"href":"https:\/\/bekesmegye.reformatus.hu\/index.php?rest_route=\/wp\/v2\/pages\/772\/revisions\/1278"}],"wp:attachment":[{"href":"https:\/\/bekesmegye.reformatus.hu\/index.php?rest_route=%2Fwp%2Fv2%2Fmedia&parent=772"}],"curies":[{"name":"wp","href":"https:\/\/api.w.org\/{rel}","templated":true}]}}

Békés Telephely

<p style="text-align: center;"><span style="color: #000000;"><strong>Intézmény bemutatás</strong></span></p>
<p><span style="color: #000000;"><strong> </strong></span></p>
<p style="text-align: justify;"><span style="color: #000000;"><strong>A Balogh Mátyás Református Diakóniai Központ</strong> Békés város szélén helyezkedik el, a Kettős-Körös szomszédságában. A Békési Református Egyházmegye mint fenntartó 2023. május 1-én vette át az intézményt.</span></p>
<p style="text-align: justify;"><span style="color: #000000;">Az épületegyüttest a 80-as évek elején kezdték építeni, ekkor kapta meg a mai napig ismert formáját. Az intézményben paviloni rendszer működik. Az I-IV. pavilonokban 50-55 fő ellátott, az V. pavilonban 24 fő ellátott ellátására vagyunk berendezkedve. Fenntartói tervek között szerepel az intézményi férőhelyek számának bővítése, amelynek átszervezési munkálatai folyamatosak.</span></p>
<p style="text-align: justify;"><span style="color: #000000;">Hogy miért ajánlom az intézményünket az idős emberek számára?</span></p>
<ul style="text-align: justify;">
<li><span style="color: #000000;">Mert a nap 24 órájában szakképzett személyzet gondoskodik a bentlakókról.</span></li>
<li><span style="color: #000000;">Mert az ország egész területéről tudjuk fogadni a hozzánk beköltözni vágyókat.</span></li>
<li><span style="color: #000000;">Mert az Ön egészségének megfelelő diétát biztosítunk az orvos előírásai alapján.</span></li>
<li><span style="color: #000000;">Mert naponta biztosított a háziorvosi ellátás és hetente a pszichiáter szakorvosi ellátás.</span></li>
<li><span style="color: #000000;">Mert szakápolási intézményként lehetőség van a szakápolási tevékenységek elvégzésére (infúzió bekötése, krónikus sebek ellátása, állandó katéter bekötése, gégekanülös beteg ápolása, PEG-es beteg ápolása stb.), így kevesebb a kórházi ápolási nap, kevesebb az idegen környezetben töltött idő. Az ellátott a jól ismert környezetében gyógyulhat.</span></li>
<li><span style="color: #000000;">Mert terepintézményként az intézmény szakemberei gondoskodnak a jövő ápoló, gondozó generációjának elméleti és gyakorlati képzéséről. Ezek a fiatalok szinte az intézményünk részére lesznek „kiképezve”, így biztosítjuk a folyamatos szakember-utánpótlást.</span></li>
<li><span style="color: #000000;">Mert a bentlakók színes és változatos programok közül választhatnak és rendszeres foglalkoztatásokon vehetnek részt. Megünnepeljük az anyák napját, a nőnapot, nagy ünnepeinket, szervezünk Családi Napot, Idősek Világnapját stb.</span></li>
<li><span style="color: #000000;">Mert speciális osztályt tartunk fenn demenciával élő ellátottjaink részére, ezzel tehermentesítve a családokat.</span></li>
<li><span style="color: #000000;">Mert elősegítjük a családi kapcsolatok fenntartását, elveszettnek hitt kapcsolatok felélesztését.</span></li>
<li><span style="color: #000000;">Mert egyházi intézmény lévén fontos a lelki jóllét is a testi jóllét mellett. Adott a lehetőség a vallásgyakorlásra.</span></li>
<li><span style="color: #000000;">Mert nagy hangsúlyt fektetünk a mentálhigiénés ellátásra.</span></li>
<li><span style="color: #000000;">Mert az intézmény nagyon jól megközelíthető autóval és autóbusszal egyaránt. A helyi járat megállója az intézmény kapuja előtt található, a helyközi járaté körülbelül 100 méterre az intézménytől. Az intézmény mellett parkoló áll, melyet vendégeink használhatnak.</span></li>
<li><span style="color: #000000;">Mert tiszteljük az idős embert és szeretnénk, hogy hátralévő éveiket biztonságban, nyugalomban töltsék. Minden ember egyszeri, egyedi és megismételhetetlen individuum – erre külön hangsúlyt fektetünk.</span></li>
<li><span style="color: #000000;">Mert mind a fenntartónak, mind az intézmény vezetésének, mind pedig a dolgozóknak egyaránt fontos az itt élő ember, fontos, hogy aki minket választ, igazi otthonra találjon az intézményünkben.</span></li>
<li><span style="color: #000000;">Mert bár a jövőbe tekintünk, megbecsüljük és tiszteljük a múltunkat s hittel dolgozunk a jelenben.</span></li>
<li><span style="color: #000000;">Mert amennyiben kérelme beérkezik hozzánk, igyekszünk a lehető leghamarabb megfelelő helyet biztosítani Ön vagy Kedves Hozzátartozója számára.</span></li>
</ul>
<p style="text-align: justify;"><span style="color: #000000;">A fentiek fényében arra bíztatom Önöket, hogy keressenek bizalommal bennünket, munkatársaimmal felkészülten, elhivatottan arra törekszünk, hogy lakóink teljes körű ellátását biztosítva épületeink otthonként funkcionáljanak mindannyiunk megelégedésére.</span></p>
<p>&nbsp;</p>
<p style="text-align: center;"><span style="color: #000000;">Hunyadyné Cserge Mária<br />
</span></p>
<p style="text-align: center;"><span style="color: #000000;">főigazgató-lelkész</span></p>
<p>&nbsp;</p>
<p><a href="https://bekesmegye.reformatus.hu/wp-content/uploads/BEKES-idosek-otthona-kerelem-minta-1.pdf">Ide kattintva megtekintheti és letöltheti a kérelem mintát.</a></p>
<p><a href="https://bekesmegye.reformatus.hu/wp-content/uploads/Teritesi-dij-valtozas-2025.-05.-01-tol-Bekes.pdf">Ide kattintva megtekintheti és letöltheti a térítési díjakat.</a></p>
<p><a href="https://bekesmegye.reformatus.hu/fel_le/BMRDK Közlemény belépési hozzájárulásról.pdf">Ide kattintva megtekintheti és letöltheti a BMRDK közleményt a belépési hozzájáruláshoz</a></p>
<p><a href="https://bekesmegye.reformatus.hu/wp-content/uploads/Bekes-bh-tablazat-1.docx">Ide kattintva megtekintheti és letöltheti a belépési hozzájárulás összegeket lakrészenként</a></p>
<p><a href="https://bekesmegye.reformatus.hu/wp-content/uploads/Belepesi-hozzajarulas.pdf">Ide kattintva megtekintheti és letöltheti a belépési hozzájárulás összegeket az új lakrészen (I/B. pavilon)</a></p>

<p>Intézmény bemutatás   A Balogh Mátyás Református Diakóniai Központ Békés város szélén helyezkedik el, a Kettős-Körös szomszédságában. A Békési Református Egyházmegye mint fenntartó 2023. május 1-én vette át az intézményt.</p>
