{"id":847,"date":"2025-01-27T16:26:40","date_gmt":"2025-01-27T14:26:40","guid":{"rendered":"https:\/\/bekesmegye.reformatus.hu\/?page_id=847"},"modified":"2025-06-13T19:54:22","modified_gmt":"2025-06-13T17:54:22","slug":"korosvolgy-panzio","status":"publish","type":"page","link":"https:\/\/bekesmegye.reformatus.hu\/?page_id=847","title":{"rendered":"K\u00f6r\u00f6sv\u00f6lgy \u00dcd\u00fcl\u0151"},"content":{"rendered":"<div style=\"width: 780px;\" class=\"wp-video\"><!--[if lt IE 9]><script>document.createElement('video');<\/script><![endif]-->\n<video class=\"wp-video-shortcode\" id=\"video-847-1\" width=\"780\" height=\"439\" preload=\"metadata\" controls=\"controls\"><source type=\"video\/mp4\" src=\"https:\/\/bekesmegye.reformatus.hu\/wp-content\/uploads\/Nevtelen-video-\u2013-A-Clipchamppel-keszult-3.mp4?_=1\" \/><a href=\"https:\/\/bekesmegye.reformatus.hu\/wp-content\/uploads\/Nevtelen-video-\u2013-A-Clipchamppel-keszult-3.mp4\">https:\/\/bekesmegye.reformatus.hu\/wp-content\/uploads\/Nevtelen-video-\u2013-A-Clipchamppel-keszult-3.mp4<\/a><\/video><\/div>\n","protected":false},"excerpt":{"rendered":"","protected":false},"author":60,"featured_media":0,"parent":0,"menu_order":0,"comment_status":"closed","ping_status":"closed","template":"","meta":{"_bbp_topic_count":0,"_bbp_reply_count":0,"_bbp_total_topic_count":0,"_bbp_total_reply_count":0,"_bbp_voice_count":0,"_bbp_anonymous_reply_count":0,"_bbp_topic_count_hidden":0,"_bbp_reply_count_hidden":0,"_bbp_forum_subforum_count":0,"_themeisle_gutenberg_block_has_review":false,"footnotes":""},"class_list":["post-847","page","type-page","status-publish","hentry"],"jetpack_sharing_enabled":true,"_links":{"self":[{"href":"https:\/\/bekesmegye.reformatus.hu\/index.php?rest_route=\/wp\/v2\/pages\/847","targetHints":{"allow":["GET"]}}],"collection":[{"href":"https:\/\/bekesmegye.reformatus.hu\/index.php?rest_route=\/wp\/v2\/pages"}],"about":[{"href":"https:\/\/bekesmegye.reformatus.hu\/index.php?rest_route=\/wp\/v2\/types\/page"}],"author":[{"embeddable":true,"href":"https:\/\/bekesmegye.reformatus.hu\/index.php?rest_route=\/wp\/v2\/users\/60"}],"replies":[{"embeddable":true,"href":"https:\/\/bekesmegye.reformatus.hu\/index.php?rest_route=%2Fwp%2Fv2%2Fcomments&post=847"}],"version-history":[{"count":4,"href":"https:\/\/bekesmegye.reformatus.hu\/index.php?rest_route=\/wp\/v2\/pages\/847\/revisions"}],"predecessor-version":[{"id":1107,"href":"https:\/\/bekesmegye.reformatus.hu\/index.php?rest_route=\/wp\/v2\/pages\/847\/revisions\/1107"}],"wp:attachment":[{"href":"https:\/\/bekesmegye.reformatus.hu\/index.php?rest_route=%2Fwp%2Fv2%2Fmedia&parent=847"}],"curies":[{"name":"wp","href":"https:\/\/api.w.org\/{rel}","templated":true}]}}